{"id":7089,"date":"2025-11-23T10:38:56","date_gmt":"2025-11-23T09:38:56","guid":{"rendered":"https:\/\/www.parafia-nowemiasto.pl\/?page_id=7089"},"modified":"2026-03-31T08:23:40","modified_gmt":"2026-03-31T06:23:40","slug":"intencje-mszalne","status":"publish","type":"page","link":"http:\/\/www.parafia-nowemiasto.pl\/index.php\/intencje-mszalne\/","title":{"rendered":"Intencje mszalne"},"content":{"rendered":"\n<div class=\"intencje-page\">\n  <!-- HERO -->\n  <section class=\"intencje-hero\">\n    <div class=\"intencje-hero__content\">\n      <p class=\"intencje-hero__subtitle\">Intencje mszalne<\/p>\n      <h1>Intencje na okres 29 marca \u2013 5 kwietnia<\/h1>\n      <p>\n        Aktualne intencje mszalne w&nbsp;parafii \u015bw. Anny w&nbsp;Nowym Mie\u015bcie.\n        Poni\u017cej znajduj\u0105 si\u0119 intencje uporz\u0105dkowane wed\u0142ug dni tygodnia.\n      <\/p>\n      <p class=\"intencje-hero__note\">\n        Intencje aktualizowane s\u0105 na bie\u017c\u0105co \u2013 w&nbsp;razie zmian prosimy \u015bledzi\u0107 og\u0142oszenia parafialne.\n      <\/p>\n    <\/div>\n\n    <figure class=\"intencje-hero__photo\">\n      <img decoding=\"async\" src=\"http:\/\/www.parafia-nowemiasto.pl\/wp-content\/uploads\/2020\/12\/ogloszenia-scaled.jpg\" alt=\"Ksi\u0119ga z&nbsp;og\u0142oszeniami i&nbsp;intencjami mszalnymi\">\n    <\/figure>\n  <\/section>\n\n  <!-- BIE\u017b\u0104CY OKRES -->\n  <section class=\"intencje-week\">\n    <header class=\"intencje-week__meta\">\n      <h2>Intencje bie\u017c\u0105ce<\/h2>\n      <p>\n        Obowi\u0105zuj\u0105 od <strong>niedzieli 29&nbsp;III<\/strong> do\n        <strong>niedzieli 5&nbsp;IV<\/strong>.\n      <\/p>\n    <\/header>\n\n    <div class=\"intencje-grid\">\n\n      <!-- NIEDZIELA 29 III -->\n      <article class=\"intencje-day\">\n        <h3>Niedziela <span>29&nbsp;III<\/span><\/h3>\n        <ul>\n          <li>\n            <span class=\"intencje-time\">9.00<\/span>\n            <span class=\"intencje-text\">\n              \u2020 Zofia i&nbsp;Henryk MAKOWSCY oraz Krystyna \u0141UKASIEWICZ\n              i&nbsp;r-ce BUJANOWSCY\n            <\/span>\n          <\/li>\n          <li>\n            <span class=\"intencje-time\">11.00<\/span>\n            <span class=\"intencje-text\">w&nbsp;int. Parafii<\/span>\n          <\/li>\n          <li>\n            <span class=\"intencje-time\">17.00<\/span>\n            <span class=\"intencje-text\">\n              \u2020 Genowefa i&nbsp;J\u00f3zef PRZYM\u0118CCY, Helena i&nbsp;W\u0142adys\u0142aw WI\u015aNIEWSCY\n              oraz Janina i&nbsp;Aleksander ZMIJEWSCY\n            <\/span>\n          <\/li>\n        <\/ul>\n      <\/article>\n\n      <!-- PONIEDZIA\u0141EK 30 III -->\n      <article class=\"intencje-day\">\n        <h3>Poniedzia\u0142ek <span>30&nbsp;III<\/span><\/h3>\n        <ul>\n          <li>\n            <span class=\"intencje-time\">17.00<\/span>\n            <span class=\"intencje-text\">\n              \u2020 J\u00f3zef PARULSKI, r-ce NOWACCY oraz rodze\u0144stwo i&nbsp;dziadkowie SKORUPSCY\n            <\/span>\n          <\/li>\n          <li>\n            <span class=\"intencje-time\">18.00<\/span>\n            <span class=\"intencje-text\">\u2020 Ryszard BLICHARSKI (pog.)<\/span>\n          <\/li>\n          <li>\n            <span class=\"intencje-time\"><\/span>\n            <span class=\"intencje-text\">\u2020 Rafa\u0142 GOSTKIEWICZ (pog.)<\/span>\n          <\/li>\n        <\/ul>\n      <\/article>\n\n      <!-- WTOREK 31 III -->\n      <article class=\"intencje-day\">\n        <h3>Wtorek <span>31&nbsp;III<\/span><\/h3>\n        <ul>\n          <li>\n            <span class=\"intencje-time\">17.00<\/span>\n            <span class=\"intencje-text\">\u2020 Agnieszka LESZKIEWICZ<\/span>\n          <\/li>\n          <li>\n            <span class=\"intencje-time\">18.00<\/span>\n            <span class=\"intencje-text\">\u2020 Danuta OZIMKOWSKA (pog.)<\/span>\n          <\/li>\n          <li>\n            <span class=\"intencje-time\"><\/span>\n            <span class=\"intencje-text\">\u2020 Helena \u0141\u0104CZY\u0143SKA (pog.)<\/span>\n          <\/li>\n        <\/ul>\n      <\/article>\n\n      <!-- \u015aRODA 1 IV -->\n      <article class=\"intencje-day\">\n        <h3>\u015aroda <span>1&nbsp;IV<\/span><\/h3>\n        <ul>\n          <li>\n            <span class=\"intencje-time\">17.00<\/span>\n            <span class=\"intencje-text\">\u2020 W\u0142odzimierz SZA\u0141OWSKI (pog.)<\/span>\n          <\/li>\n          <li>\n            <span class=\"intencje-time\"><\/span>\n            <span class=\"intencje-text\">\u2020 Wies\u0142aw GRZELAK (pog.)<\/span>\n          <\/li>\n          <li>\n            <span class=\"intencje-time\">18.00<\/span>\n            <span class=\"intencje-text\">\u2020 Mieczys\u0142aw ROSIAK (pog.)<\/span>\n          <\/li>\n          <li>\n            <span class=\"intencje-time\"><\/span>\n            <span class=\"intencje-text\">\u2020 Maciej B\u0118BENEK (pog.)<\/span>\n          <\/li>\n        <\/ul>\n      <\/article>\n\n      <!-- CZWARTEK 2 IV -->\n      <article class=\"intencje-day\">\n        <h3>Czwartek <span>2&nbsp;IV<\/span><\/h3>\n        <ul>\n          <li>\n            <span class=\"intencje-time\">18.00<\/span>\n            <span class=\"intencje-text\"><em>LITURGIA WIELKIEGO CZWARTKU<\/em><\/span>\n          <\/li>\n          <li>\n            <span class=\"intencje-time\"><\/span>\n            <span class=\"intencje-text\"><em>ADORACJA<\/em><\/span>\n          <\/li>\n        <\/ul>\n      <\/article>\n\n      <!-- PI\u0104TEK 3 IV -->\n      <article class=\"intencje-day\">\n        <h3>Pi\u0105tek <span>3&nbsp;IV<\/span><\/h3>\n        <ul>\n          <li>\n            <span class=\"intencje-time\">18.00<\/span>\n            <span class=\"intencje-text\"><em>LITURGIA WIELKIEGO PI\u0104TKU<\/em><\/span>\n          <\/li>\n          <li>\n            <span class=\"intencje-time\"><\/span>\n            <span class=\"intencje-text\"><em>GORZKIE \u017bALE<\/em><\/span>\n          <\/li>\n          <li>\n            <span class=\"intencje-time\"><\/span>\n            <span class=\"intencje-text\"><em>ADORACJA<\/em><\/span>\n          <\/li>\n        <\/ul>\n      <\/article>\n\n      <!-- SOBOTA 4 IV -->\n      <article class=\"intencje-day\">\n        <h3>Sobota <span>4&nbsp;IV<\/span><\/h3>\n        <ul>\n          <li>\n            <span class=\"intencje-time\">20.30<\/span>\n            <span class=\"intencje-text\"><em>LITURGIA WIELKIEJ SOBOTY<\/em><\/span>\n          <\/li>\n        <\/ul>\n      <\/article>\n\n      <!-- NIEDZIELA 5 IV -->\n      <article class=\"intencje-day\">\n        <h3>Niedziela <span>5&nbsp;IV<\/span><\/h3>\n        <ul>\n          <li>\n            <span class=\"intencje-time\">6.00<\/span>\n            <span class=\"intencje-text\"><em>REZUREKCJA<\/em><\/span>\n          <\/li>\n          <li>\n            <span class=\"intencje-time\">9.00<\/span>\n            <span class=\"intencje-text\">\u2020 Janina SOSAK (4&nbsp;r.)<\/span>\n          <\/li>\n          <li>\n            <span class=\"intencje-time\">11.00<\/span>\n            <span class=\"intencje-text\">\n              \u2020 Zofia i&nbsp;Tadeusz OPORSCY oraz Helena, Stanis\u0142aw i&nbsp;J\u00f3zef ROMANOWICZ\n            <\/span>\n          <\/li>\n          <li>\n            <span class=\"intencje-time\">17.00<\/span>\n            <span class=\"intencje-text\">\n              \u2020 Jadwiga, J\u00f3zef, Robert i&nbsp;d-wie GBURZY\u0143SCY\n            <\/span>\n          <\/li>\n        <\/ul>\n      <\/article>\n\n    <\/div>\n  <\/section>\n\n  <!-- STOPKA INFORMACYJNA -->\n  <section class=\"intencje-info\">\n    <h2>Informacja<\/h2>\n    <p>\n      W&nbsp;przypadku zmian w&nbsp;intencjach mszalnych aktualne informacje podawane s\u0105\n      w&nbsp;og\u0142oszeniach parafialnych oraz w&nbsp;kancelarii. Intencje mo\u017cna zamawia\u0107\n      w&nbsp;godzinach urz\u0119dowania kancelarii parafialnej.\n    <\/p>\n  <\/section>\n\n<\/div>\n\n\n<p><!-- \/wp:post-content --><!-- \/wp:freeform --><!-- \/wp:freeform --><\/p>\n<p><!-- \/wp:freeform --><!-- \/wp:freeform --><\/p>","protected":false},"excerpt":{"rendered":"<p>Intencje mszalne Intencje na okres 29 marca \u2013 5 kwietnia Aktualne intencje mszalne w&nbsp;parafii \u015bw. Anny w&nbsp;Nowym Mie\u015bcie. Poni\u017cej znajduj\u0105 si\u0119 intencje uporz\u0105dkowane wed\u0142ug dni tygodnia. Intencje aktualizowane s\u0105 na bie\u017c\u0105co \u2013 w&nbsp;razie zmian prosimy \u015bledzi\u0107 og\u0142oszenia parafialne. Intencje bie\u017c\u0105ce Obowi\u0105zuj\u0105 od niedzieli 29&nbsp;III do niedzieli 5&nbsp;IV. Niedziela 29&nbsp;III 9.00 \u2020 Zofia i&nbsp;Henryk MAKOWSCY oraz [&hellip;]<\/p>\n","protected":false},"author":1,"featured_media":0,"parent":0,"menu_order":0,"comment_status":"closed","ping_status":"closed","template":"","meta":{"footnotes":""},"class_list":["post-7089","page","type-page","status-publish","hentry"],"_links":{"self":[{"href":"http:\/\/www.parafia-nowemiasto.pl\/index.php\/wp-json\/wp\/v2\/pages\/7089","targetHints":{"allow":["GET"]}}],"collection":[{"href":"http:\/\/www.parafia-nowemiasto.pl\/index.php\/wp-json\/wp\/v2\/pages"}],"about":[{"href":"http:\/\/www.parafia-nowemiasto.pl\/index.php\/wp-json\/wp\/v2\/types\/page"}],"author":[{"embeddable":true,"href":"http:\/\/www.parafia-nowemiasto.pl\/index.php\/wp-json\/wp\/v2\/users\/1"}],"replies":[{"embeddable":true,"href":"http:\/\/www.parafia-nowemiasto.pl\/index.php\/wp-json\/wp\/v2\/comments?post=7089"}],"version-history":[{"count":34,"href":"http:\/\/www.parafia-nowemiasto.pl\/index.php\/wp-json\/wp\/v2\/pages\/7089\/revisions"}],"predecessor-version":[{"id":7422,"href":"http:\/\/www.parafia-nowemiasto.pl\/index.php\/wp-json\/wp\/v2\/pages\/7089\/revisions\/7422"}],"wp:attachment":[{"href":"http:\/\/www.parafia-nowemiasto.pl\/index.php\/wp-json\/wp\/v2\/media?parent=7089"}],"curies":[{"name":"wp","href":"https:\/\/api.w.org\/{rel}","templated":true}]}}