{"id":2258,"date":"2020-11-02T21:38:02","date_gmt":"2020-11-02T20:38:02","guid":{"rendered":"http:\/\/www.parafia-nowemiasto.pl\/?page_id=2258"},"modified":"2025-12-27T22:49:29","modified_gmt":"2025-12-27T21:49:29","slug":"galeria","status":"publish","type":"page","link":"https:\/\/www.parafia-nowemiasto.pl\/index.php\/galeria\/","title":{"rendered":"Galeria"},"content":{"rendered":"\n<div class=\"galeria-page\" id=\"galeria-top\">\n\n  <!-- Nawigacja \/ powr\u00f3t -->\n  <div class=\"galeria-page__nav\">\n    <a href=\"\/\" class=\"btn btn-secondary galeria-back\">\u2190 Powr\u00f3t na stron\u0119 g\u0142\u00f3wn\u0105<\/a>\n  <\/div>\n\n  <!-- HERO -->\n  <section class=\"galeria-hero\">\n    <div class=\"galeria-hero__content\">\n      <p class=\"galeria-hero__subtitle\">Galeria zdj\u0119\u0107<\/p>\n      <h1>Galeria parafii \u015bw. Anny<\/h1>\n      <p>\n        Zdj\u0119cia z&nbsp;\u017cycia parafii: uroczysto\u015bci, nabo\u017ce\u0144stwa i&nbsp;wydarzenia wsp\u00f3lnoty.\n      <\/p>\n      <p class=\"galeria-hero__note\">\n        Kliknij album, a nast\u0119pnie zdj\u0119cie \u2013 otworzy si\u0119 w&nbsp;trybie lightbox.\n      <\/p>\n    <\/div>\n\n    <figure class=\"galeria-hero__photo\">\n      <img decoding=\"async\" src=\"https:\/\/www.parafia-nowemiasto.pl\/wp-content\/uploads\/2020\/11\/church2-scaled.jpg\" alt=\"Ko\u015bci\u00f3\u0142 parafialny \u015bw. Anny w&nbsp;Nowym Mie\u015bcie\">\n    <\/figure>\n  <\/section>\n\n  <!-- G\u0141\u00d3WNY BLOK -->\n  <section class=\"galeria-main\">\n    <div class=\"galeria-card\">\n      <h2>Albumy<\/h2>\n      <p class=\"galeria-meta\">Wybierz album, aby zobaczy\u0107 zdj\u0119cia.<\/p>\n\n      <div class=\"galeria-embed\">\n        <!-- TU wstaw osobny BLOK SHORTCODE: [AGAL id=7286] -->\n\n\n\n\t\t<div id=\"album_gallery_7286\"\n\t\t\tclass=\"awp_center\">\n\t\t\t\t\t\t\t<div class=\" col-md-4 col-lg-4 col-sm-4 col-xs-6 \n\t\t\t\t\t\t\">\n\t\t\t\t\t\n\t\t\t\t\t\t\t<!-- Stacks Hover Effect -->\n\t\t\t\t\t\t\t<a href=\"https:\/\/www.parafia-nowemiasto.pl\/wp-content\/uploads\/2025\/12\/IMG_20251225_192648-scaled.jpg\t\t\t\t\t\" \t\t\t\t\t\t\t\tclass=\"swipebox-7286\" title=\"Oplus_17956864\">\n\t\t\t\t\t\t\t\t<div class=\"group\">\n\t\t\t\t\t\t\t\t\t<div class=\"stack twisted animated wobble\">\n\t\t\t\t\t\t\t\t\t\t<img decoding=\"async\" src=\"https:\/\/www.parafia-nowemiasto.pl\/wp-content\/uploads\/2025\/12\/IMG_20251225_192648-300x169.jpg\" alt=\"Oplus_17956864\">\n\t\t\t\t\t\t\t\t\t<\/div>\n\t\t\t\t\t\t\t\t<\/div>\n\t\t\t\t\t\t\t<\/a>\n\t\t\t\t\t\t\t\t\t<\/div>\n\t\t\t\t\t\t<\/div>\n\t\t<style>\n\t.awp_center {\n\t\ttext-align: center !important;\n\t}\n\n\t\t\t\t.fifth-effect .mask {\n\t\t\tborder: 100px solid rgba(0, 0, 0, 0.7);\n\t\t}\n\n\t\t.col-lg-12 .stack {\n\t\tmargin: 3% 36%;\n\t}\n\n\t.col-lg-12 .view {\n\t\tmargin: 5% 37%;\n\t}\n\n\t.col-lg-6 .stack {\n\t\tmargin: 6% 22%;\n\t}\n\n\t.col-lg-6 .view {\n\t\tmargin: 5% 22%;\n\t}\n\n\t.col-lg-4 .stack {\n\t\tmargin: 10% 7%;\n\t}\n\n\t.col-lg-4 .view {\n\t\tmargin: 5% 6%;\n\t}\n\n\t.col-lg-3 .stack {\n\t\tmargin: 15% 3%;\n\t}\n\n\t.col-lg-3 .view {\n\t\tmargin: 5% 1%;\n\t}\n\n\n\t\t\t.fifth-effect .mask {\n\t\t\tborder: 100px solid rgba(0, 0, 0, 0.7);\n\t\t}\n\n\t\t\t\t.fifth-effect .mask {\n\t\t\tborder: 100px solid rgba(0, 0, 0, 0.7);\n\t\t}\n\n\t\t.view {\n\t\t\t\t\tmargin: 0 0 5% 0%;\n\t\t\t\n\t\t\t\t\tmargin: 5% 0%;\n\t\t\t\t}\n\n\t.mask {\n\t\tcursor: pointer;\n\t}\n<\/style>\n<script type=\"application\/javascript\">\n\tjQuery(document).ready(function () {\n\t\t\/\/ PhotoBox\n\t\tjQuery('#album_gallery_7286').photobox('a');\n\t\t\/\/ or with a fancier selector and some settings, and a callback:\n\t\tjQuery('#album_gallery_7286').photobox('a:first', { thumbs: false, time: 0 }, imageLoaded);\n\t\tfunction imageLoaded() {\n\t\t\tconsole.log('image has been loaded...');\n\t\t}\n\n\n\t\t\/\/Isotope function for masonary\n\t\tvar $grid = jQuery('.album_gallery_main').isotope({\n\t\t\t\/\/ options...\n\t\t\titemSelector: '.album_gallery_single',\n\t\t});\n\t\t\/\/ layout Isotope after each image loads\n\t\t$grid.imagesLoaded().progress(function () {\n\t\t\t$grid.isotope('layout');\n\t\t});\n\t});\n<\/script>\n\n\n\n      <\/div>\n    <\/div>\n  <\/section>\n\n  <!-- Powr\u00f3t na g\u00f3r\u0119 -->\n  <section class=\"galeria-backtotop\">\n    <div class=\"galeria-backtotop__card\">\n      <a class=\"btn btn-secondary galeria-backtotop__btn\" href=\"#galeria-top\">\n        \u2191 Wr\u00f3\u0107 na pocz\u0105tek strony\n      <\/a>\n    <\/div>\n  <\/section>\n\n<\/div>\n\n","protected":false},"excerpt":{"rendered":"<p>\u2190 Powr\u00f3t na stron\u0119 g\u0142\u00f3wn\u0105 Galeria zdj\u0119\u0107 Galeria parafii \u015bw. Anny Zdj\u0119cia z&nbsp;\u017cycia parafii: uroczysto\u015bci, nabo\u017ce\u0144stwa i&nbsp;wydarzenia wsp\u00f3lnoty. Kliknij album, a nast\u0119pnie zdj\u0119cie \u2013 otworzy si\u0119 w&nbsp;trybie lightbox. Albumy Wybierz album, aby zobaczy\u0107 zdj\u0119cia. \u2191 Wr\u00f3\u0107 na pocz\u0105tek strony<\/p>\n","protected":false},"author":1,"featured_media":0,"parent":0,"menu_order":0,"comment_status":"closed","ping_status":"closed","template":"","meta":{"footnotes":""},"class_list":["post-2258","page","type-page","status-publish","hentry"],"_links":{"self":[{"href":"https:\/\/www.parafia-nowemiasto.pl\/index.php\/wp-json\/wp\/v2\/pages\/2258","targetHints":{"allow":["GET"]}}],"collection":[{"href":"https:\/\/www.parafia-nowemiasto.pl\/index.php\/wp-json\/wp\/v2\/pages"}],"about":[{"href":"https:\/\/www.parafia-nowemiasto.pl\/index.php\/wp-json\/wp\/v2\/types\/page"}],"author":[{"embeddable":true,"href":"https:\/\/www.parafia-nowemiasto.pl\/index.php\/wp-json\/wp\/v2\/users\/1"}],"replies":[{"embeddable":true,"href":"https:\/\/www.parafia-nowemiasto.pl\/index.php\/wp-json\/wp\/v2\/comments?post=2258"}],"version-history":[{"count":5,"href":"https:\/\/www.parafia-nowemiasto.pl\/index.php\/wp-json\/wp\/v2\/pages\/2258\/revisions"}],"predecessor-version":[{"id":7288,"href":"https:\/\/www.parafia-nowemiasto.pl\/index.php\/wp-json\/wp\/v2\/pages\/2258\/revisions\/7288"}],"wp:attachment":[{"href":"https:\/\/www.parafia-nowemiasto.pl\/index.php\/wp-json\/wp\/v2\/media?parent=2258"}],"curies":[{"name":"wp","href":"https:\/\/api.w.org\/{rel}","templated":true}]}}

<div class="galeria-page" id="galeria-top">

  <!-- Nawigacja / powrót -->
  <div class="galeria-page__nav">
    <a href="/" class="btn btn-secondary galeria-back">← Powrót na stronę główną</a>
  </div>

  <!-- HERO -->
  <section class="galeria-hero">
    <div class="galeria-hero__content">
      <p class="galeria-hero__subtitle">Galeria zdjęć</p>
      <h1>Galeria parafii św. Anny</h1>
      <p>
        Zdjęcia z&nbsp;życia parafii: uroczystości, nabożeństwa i&nbsp;wydarzenia wspólnoty.
      </p>
      <p class="galeria-hero__note">
        Kliknij album, a następnie zdjęcie – otworzy się w&nbsp;trybie lightbox.
      </p>
    </div>

    <figure class="galeria-hero__photo">
      <img decoding="async" src="https://www.parafia-nowemiasto.pl/wp-content/uploads/2020/11/church2-scaled.jpg" alt="Kościół parafialny św. Anny w&nbsp;Nowym Mieście">
    </figure>
  </section>

  <!-- GŁÓWNY BLOK -->
  <section class="galeria-main">
    <div class="galeria-card">
      <h2>Albumy</h2>
      <p class="galeria-meta">Wybierz album, aby zobaczyć zdjęcia.</p>

      <div class="galeria-embed">
        <!-- TU wstaw osobny BLOK SHORTCODE: [AGAL id=7286] -->



		<div id="album_gallery_7286"
			class="awp_center">
							<div class=" col-md-4 col-lg-4 col-sm-4 col-xs-6 
						">
					
							<!-- Stacks Hover Effect -->
							<a href="https://www.parafia-nowemiasto.pl/wp-content/uploads/2025/12/IMG_20251225_192648-scaled.jpg					" 								class="swipebox-7286" title="Oplus_17956864">
								<div class="group">
									<div class="stack twisted animated wobble">
										<img decoding="async" src="https://www.parafia-nowemiasto.pl/wp-content/uploads/2025/12/IMG_20251225_192648-300x169.jpg" alt="Oplus_17956864">
									</div>
								</div>
							</a>
									</div>
						</div>
		<style>
	.awp_center {
		text-align: center !important;
	}

				.fifth-effect .mask {
			border: 100px solid rgba(0, 0, 0, 0.7);
		}

		.col-lg-12 .stack {
		margin: 3% 36%;
	}

	.col-lg-12 .view {
		margin: 5% 37%;
	}

	.col-lg-6 .stack {
		margin: 6% 22%;
	}

	.col-lg-6 .view {
		margin: 5% 22%;
	}

	.col-lg-4 .stack {
		margin: 10% 7%;
	}

	.col-lg-4 .view {
		margin: 5% 6%;
	}

	.col-lg-3 .stack {
		margin: 15% 3%;
	}

	.col-lg-3 .view {
		margin: 5% 1%;
	}


			.fifth-effect .mask {
			border: 100px solid rgba(0, 0, 0, 0.7);
		}

				.fifth-effect .mask {
			border: 100px solid rgba(0, 0, 0, 0.7);
		}

		.view {
					margin: 0 0 5% 0%;
			
					margin: 5% 0%;
				}

	.mask {
		cursor: pointer;
	}
</style>
<script type="application/javascript">
	jQuery(document).ready(function () {
		// PhotoBox
		jQuery('#album_gallery_7286').photobox('a');
		// or with a fancier selector and some settings, and a callback:
		jQuery('#album_gallery_7286').photobox('a:first', { thumbs: false, time: 0 }, imageLoaded);
		function imageLoaded() {
			console.log('image has been loaded...');
		}


		//Isotope function for masonary
		var $grid = jQuery('.album_gallery_main').isotope({
			// options...
			itemSelector: '.album_gallery_single',
		});
		// layout Isotope after each image loads
		$grid.imagesLoaded().progress(function () {
			$grid.isotope('layout');
		});
	});
</script>



      </div>
    </div>
  </section>

  <!-- Powrót na górę -->
  <section class="galeria-backtotop">
    <div class="galeria-backtotop__card">
      <a class="btn btn-secondary galeria-backtotop__btn" href="#galeria-top">
        ↑ Wróć na początek strony
      </a>
    </div>
  </section>

</div>

<p>← Powrót na stronę główną Galeria zdjęć Galeria parafii św. Anny Zdjęcia z&nbsp;życia parafii: uroczystości, nabożeństwa i&nbsp;wydarzenia wspólnoty. Kliknij album, a następnie zdjęcie – otworzy się w&nbsp;trybie lightbox. Albumy Wybierz album, aby zobaczyć zdjęcia. ↑ Wróć na początek strony</p>
