{"id":2866,"date":"2020-11-15T23:16:04","date_gmt":"2020-11-15T22:16:04","guid":{"rendered":"https:\/\/www.parafia-nowemiasto.pl\/?page_id=2866"},"modified":"2026-01-21T08:49:50","modified_gmt":"2026-01-21T07:49:50","slug":"sakrament-malzenstwa","status":"publish","type":"page","link":"https:\/\/www.parafia-nowemiasto.pl\/index.php\/sakrament-malzenstwa\/","title":{"rendered":"Sakrament ma\u0142\u017ce\u0144stwa"},"content":{"rendered":"\n<div class=\"sakrament-page malzenstwo-page\">\n\n  <!-- HERO -->\n  <section class=\"sakrament-hero sakrament-hero--malzenstwo\">\n    <div class=\"sakrament-hero__content\">\n      <p class=\"sakrament-hero__subtitle\">Sakrament Ma\u0142\u017ce\u0144stwa<\/p>\n      <h1>Sakrament Ma\u0142\u017ce\u0144stwa<\/h1>\n      <p>\n        Ma\u0142\u017ce\u0144stwo sakramentalne jest przymierzem m\u0119\u017cczyzny i&nbsp;kobiety,\n        w&nbsp;kt\u00f3rym B\u00f3g umacnia ich mi\u0142o\u015b\u0107 i&nbsp;posy\u0142a, aby byli dla siebie\n        nawzajem oraz dla swoich dzieci znakiem Jego wierno\u015bci.\n      <\/p>\n\n      <figure class=\"sakrament-hero__quote\">\n        <blockquote>\n          \u201eMi\u0142o\u015b\u0107 cierpliwa jest, \u0142askawa jest. Mi\u0142o\u015b\u0107 nie zazdro\u015bci,\n          nie szuka poklasku, nie unosi si\u0119 pych\u0105; nie&nbsp;dopuszcza si\u0119\n          bezwstydu, nie szuka swego, nie unosi si\u0119 gniewem, nie pami\u0119ta\n          z\u0142ego; nie cieszy si\u0119 z&nbsp;niesprawiedliwo\u015bci, lecz wsp\u00f3\u0142weseli si\u0119\n          z&nbsp;prawd\u0105.\u201d\n        <\/blockquote>\n        <figcaption>1 Kor 13, 4\u20136<\/figcaption>\n      <\/figure>\n    <\/div>\n\n    <figure class=\"sakrament-hero__photo\">\n      <img decoding=\"async\" src=\"https:\/\/www.parafia-nowemiasto.pl\/wp-content\/uploads\/2020\/12\/love-scaled.jpg\" alt=\"Obr\u0105czki \u015blubne \u2013 znak Sakramentu Ma\u0142\u017ce\u0144stwa\">\n    <\/figure>\n  <\/section>\n\n  <!-- G\u0141\u00d3WNY BLOK TRE\u015aCI -->\n  <section class=\"sakrament-main sakrament-main--malzenstwo\">\n\n    <h2>Znaczenie Sakramentu Ma\u0142\u017ce\u0144stwa<\/h2>\n    <p>\n      Powo\u0142anie do ma\u0142\u017ce\u0144stwa jest wpisane w&nbsp;sam\u0105 natur\u0119 kobiety i&nbsp;m\u0119\u017cczyzny,\n      kt\u00f3rzy wyszli z&nbsp;r\u0119ki Stw\u00f3rcy. Ma\u0142\u017ce\u0144stwo nie jest jedynie instytucj\u0105\n      stworzon\u0105 przez cz\u0142owieka, cho\u0107 jego forma w&nbsp;r\u00f3\u017cnych kulturach i&nbsp;epokach\n      mog\u0142a ulega\u0107 zmianom.\n    <\/p>\n    <p>\n      W&nbsp;Sakramencie Ma\u0142\u017ce\u0144stwa Chrystus jednoczy ma\u0142\u017conk\u00f3w w&nbsp;nierozerwalnym\n      przymierzu, umacnia ich \u0142ask\u0105 do wiernej mi\u0142o\u015bci, wzajemnej pomocy\n      oraz odpowiedzialnego przyj\u0119cia i&nbsp;wychowania dzieci. Ich codzienno\u015b\u0107\n      staje si\u0119 miejscem u\u015bwi\u0119cenia i&nbsp;\u015bwiadectwa wiary wobec \u015bwiata.\n    <\/p>\n    <p class=\"sakrament-main__quote\">\n      \u201ePowo\u0142anie do ma\u0142\u017ce\u0144stwa jest wpisane w&nbsp;sam\u0105 natur\u0119 m\u0119\u017cczyzny i&nbsp;kobiety,\n      kt\u00f3rzy wyszli z&nbsp;r\u0119ki Stw\u00f3rcy. Ma\u0142\u017ce\u0144stwo nie jest instytucj\u0105 czysto\n      ludzk\u0105, chocia\u017c w&nbsp;ci\u0105gu wiek\u00f3w mog\u0142o ulega\u0107 licznym zmianom w&nbsp;r\u00f3\u017cnych\n      kulturach.\u201d\n      <br>\n      <span>Katechizm Ko\u015bcio\u0142a Katolickiego, 1603<\/span>\n    <\/p>\n\n    <h2>Przygotowanie i&nbsp;Formalno\u015bci<\/h2>\n\n    <h3>Rezerwacja terminu<\/h3>\n    <p>\n      Termin \u015blubu nale\u017cy zarezerwowa\u0107 w&nbsp;kancelarii parafialnej,\n      najlepiej z&nbsp;odpowiednim wyprzedzeniem. Zwyczajnym miejscem\n      zawarcia Sakramentu Ma\u0142\u017ce\u0144stwa jest parafia narzeczonej\n      lub narzeczonego.\n    <\/p>\n\n    <h3>Dokumenty z&nbsp;Urz\u0119du Stanu Cywilnego<\/h3>\n    <p>\n      Aby \u015blub ko\u015bcielny wywo\u0142ywa\u0142 skutki cywilno\u2013prawne (tzw. \u015blub konkordatowy),\n      narzeczeni udaj\u0105 si\u0119 do&nbsp;Urz\u0119du Stanu Cywilnego po za\u015bwiadczenie\n      stwierdzaj\u0105ce brak przeszk\u00f3d do zawarcia ma\u0142\u017ce\u0144stwa. Dokument ten\n      nale\u017cy dostarczy\u0107 do parafii \u015blubu w&nbsp;okresie jego wa\u017cno\u015bci.\n    <\/p>\n\n    <h3>Wizyta w&nbsp;kancelarii parafialnej<\/h3>\n    <p>\n      Narzeczeni zg\u0142aszaj\u0105 si\u0119 do kancelarii parafialnej (w&nbsp;parafii \u015blubu),\n      zabieraj\u0105c ze sob\u0105:\n    <\/p>\n    <ul>\n      <li>dokumenty z&nbsp;Urz\u0119du Stanu Cywilnego,<\/li>\n      <li>\n        aktualne \u015bwiadectwa chrztu i&nbsp;bierzmowania\n        (je\u015bli chrzest by\u0142 udzielany w&nbsp;innej parafii),\n      <\/li>\n      <li>\n        za\u015bwiadczenie o&nbsp;uko\u0144czeniu kursu przedma\u0142\u017ce\u0144skiego\n        lub potwierdzenie jego trwania.\n      <\/li>\n    <\/ul>\n    <p>\n      Podczas spotkania ksi\u0105dz spisuje tzw. protok\u00f3\u0142 przedma\u0142\u017ce\u0144ski\n      oraz wpisuje narzeczonych do ksi\u0119gi zapowiedzi przed\u015blubnych.\n      Zapowiedzi og\u0142aszane s\u0105 w&nbsp;parafiach zamieszkania narzeczonych\n      w&nbsp;wyznaczone niedziele.\n    <\/p>\n\n    <h3>Zapowiedzi i&nbsp;spowied\u017a przed\u015blubna<\/h3>\n    <p>\n      Po wyg\u0142oszeniu zapowiedzi i&nbsp;otrzymaniu stosownych za\u015bwiadcze\u0144\n      z&nbsp;parafii drugiego narzeczonego, narzeczeni ponownie przychodz\u0105\n      do kancelarii (zwykle ok. dw\u00f3ch tygodni przed \u015blubem),\n      aby spisa\u0107 akt ma\u0142\u017ce\u0144stwa. W\u00f3wczas podawane s\u0105 tak\u017ce dane \u015bwiadk\u00f3w\n      (imi\u0119, nazwisko, wiek, dok\u0142adny adres).\n    <\/p>\n    <p>\n      W&nbsp;ramach przygotowania duchowego narzeczeni dwukrotnie przyst\u0119puj\u0105\n      do sakramentu pokuty (najcz\u0119\u015bciej po zg\u0142oszeniu zapowiedzi i&nbsp;w ostatnich\n      dniach przed \u015blubem). Nale\u017cy poinformowa\u0107 spowiednika, \u017ce jest to\n      spowied\u017a przed\u015blubna, oraz poprosi\u0107 o&nbsp;podpis na odpowiedniej kartce.\n    <\/p>\n\n    <h3>Dzie\u0144 \u015blubu<\/h3>\n    <p>\n      Narzeczeni i&nbsp;\u015bwiadkowie przychodz\u0105 do zakrystii oko\u0142o 15 minut przed\n      rozpocz\u0119ciem Mszy \u015blubnej, aby podpisa\u0107 wymagane dokumenty ko\u015bcielne\n      i&nbsp;cywilne. Po ceremonii parafia \u015blubu przekazuje informacj\u0119 o&nbsp;zawartym\n      ma\u0142\u017ce\u0144stwie do&nbsp;Urz\u0119du Stanu Cywilnego oraz do parafii chrztu narzeczonych,\n      aby dokona\u0107 odpowiednich adnotacji w&nbsp;ksi\u0119gach metrykalnych.\n    <\/p>\n\n    <h2>Wa\u017cne Kwestie Dotycz\u0105ce Ceremonii \u015alubnej<\/h2>\n\n    <h3>Oprawa muzyczna<\/h3>\n    <p>\n      W&nbsp;sprawie oprawy muzycznej narzeczeni kontaktuj\u0105 si\u0119 w&nbsp;pierwszej kolejno\u015bci\n      z&nbsp;parafialnym organist\u0105. Je\u017celi planowane jest zaanga\u017cowanie dodatkowych\n      wokalist\u00f3w lub instrumentalist\u00f3w, nale\u017cy wcze\u015bniej uzgodni\u0107 to zar\u00f3wno\n      z&nbsp;proboszczem, jak i&nbsp;z organist\u0105.\n    <\/p>\n    <p>\n      \u015alub ko\u015bcielny jest liturgi\u0105 Ko\u015bcio\u0142a, dlatego repertuar i&nbsp;dob\u00f3r instrument\u00f3w\n      musz\u0105 by\u0107 zgodne z&nbsp;obowi\u0105zuj\u0105cymi przepisami liturgicznymi oraz powag\u0105 miejsca.\n    <\/p>\n\n    <h3>Fotograf i&nbsp;kamerzysta<\/h3>\n    <p>\n      Osoby wykonuj\u0105ce zdj\u0119cia i&nbsp;nagrania w&nbsp;czasie ceremonii powinny przed Msz\u0105\n      \u015blubn\u0105 zg\u0142osi\u0107 si\u0119 w&nbsp;zakrystii, aby om\u00f3wi\u0107 z&nbsp;celebransem zasady pracy.\n      Fotograf i&nbsp;kamerzysta s\u0105 zobowi\u0105zani uszanowa\u0107 sakralny charakter \u015bwi\u0105tyni\n      i&nbsp;liturgii.\n    <\/p>\n    <p>\n      Warto korzysta\u0107 z&nbsp;us\u0142ug os\u00f3b posiadaj\u0105cych odpowiednie przeszkolenie\n      i&nbsp;\u2013 je\u015bli to mo\u017cliwe \u2013 ko\u015bcielne uprawnienia do wykonywania fotografii\n      i&nbsp;nagra\u0144 podczas celebracji liturgicznych.\n    <\/p>\n\n  <\/section>\n<\/div>\n","protected":false},"excerpt":{"rendered":"<p>Sakrament Ma\u0142\u017ce\u0144stwa Sakrament Ma\u0142\u017ce\u0144stwa Ma\u0142\u017ce\u0144stwo sakramentalne jest przymierzem m\u0119\u017cczyzny i&nbsp;kobiety, w&nbsp;kt\u00f3rym B\u00f3g umacnia ich mi\u0142o\u015b\u0107 i&nbsp;posy\u0142a, aby byli dla siebie nawzajem oraz dla swoich dzieci znakiem Jego wierno\u015bci. \u201eMi\u0142o\u015b\u0107 cierpliwa jest, \u0142askawa jest. Mi\u0142o\u015b\u0107 nie zazdro\u015bci, nie szuka poklasku, nie unosi si\u0119 pych\u0105; nie&nbsp;dopuszcza si\u0119 bezwstydu, nie szuka swego, nie unosi si\u0119 gniewem, nie pami\u0119ta [&hellip;]<\/p>\n","protected":false},"author":1,"featured_media":0,"parent":0,"menu_order":0,"comment_status":"closed","ping_status":"closed","template":"","meta":{"footnotes":""},"class_list":["post-2866","page","type-page","status-publish","hentry"],"_links":{"self":[{"href":"https:\/\/www.parafia-nowemiasto.pl\/index.php\/wp-json\/wp\/v2\/pages\/2866","targetHints":{"allow":["GET"]}}],"collection":[{"href":"https:\/\/www.parafia-nowemiasto.pl\/index.php\/wp-json\/wp\/v2\/pages"}],"about":[{"href":"https:\/\/www.parafia-nowemiasto.pl\/index.php\/wp-json\/wp\/v2\/types\/page"}],"author":[{"embeddable":true,"href":"https:\/\/www.parafia-nowemiasto.pl\/index.php\/wp-json\/wp\/v2\/users\/1"}],"replies":[{"embeddable":true,"href":"https:\/\/www.parafia-nowemiasto.pl\/index.php\/wp-json\/wp\/v2\/comments?post=2866"}],"version-history":[{"count":28,"href":"https:\/\/www.parafia-nowemiasto.pl\/index.php\/wp-json\/wp\/v2\/pages\/2866\/revisions"}],"predecessor-version":[{"id":7319,"href":"https:\/\/www.parafia-nowemiasto.pl\/index.php\/wp-json\/wp\/v2\/pages\/2866\/revisions\/7319"}],"wp:attachment":[{"href":"https:\/\/www.parafia-nowemiasto.pl\/index.php\/wp-json\/wp\/v2\/media?parent=2866"}],"curies":[{"name":"wp","href":"https:\/\/api.w.org\/{rel}","templated":true}]}}