{"id":7065,"date":"2025-11-22T17:21:58","date_gmt":"2025-11-22T16:21:58","guid":{"rendered":"https:\/\/www.parafia-nowemiasto.pl\/?page_id=7065"},"modified":"2026-03-31T08:42:58","modified_gmt":"2026-03-31T06:42:58","slug":"nowa-strona-glowna","status":"publish","type":"page","link":"https:\/\/www.parafia-nowemiasto.pl\/","title":{"rendered":"Strona g\u0142\u00f3wna"},"content":{"rendered":"\n<div class=\"parafia-home\">\n\n  <!-- HERO -->\n  <section class=\"parafia-hero\" aria-label=\"Strona g\u0142\u00f3wna parafii\">\n    <div class=\"parafia-hero__text\">\n      <p class=\"parafia-hero__subtitle\">Parafia Rzymskokatolicka<\/p>\n      <h1>\u015aw. Anny w&nbsp;Nowym Mie\u015bcie<\/h1>\n    <\/div>\n\n    <figure class=\"parafia-hero__photo\">\n      <img\n        src=\"https:\/\/www.parafia-nowemiasto.pl\/wp-content\/uploads\/2020\/11\/church2-scaled.jpg\"\n        alt=\"Ko\u015bci\u00f3\u0142 parafialny \u015bw. Anny w&nbsp;Nowym Mie\u015bcie\"\n        loading=\"eager\"\n        decoding=\"async\">\n    <\/figure>\n\n    <p class=\"parafia-hero__lead\">\n      Oficjalna strona parafii \u2013 aktualne og\u0142oszenia, intencje mszalne,\n      informacje o&nbsp;sakramentach i&nbsp;\u017cyciu wsp\u00f3lnoty.\n    <\/p>\n\n    <div class=\"parafia-hero__cta\">\n      <a class=\"btn btn-primary\" href=\"\/index.php\/intencje-mszalne\/\">Intencje mszalne<\/a>\n      <a class=\"btn btn-secondary\" href=\"\/index.php\/ogloszenia\/\">Og\u0142oszenia parafialne<\/a>\n    <\/div>\n  <\/section>\n\n  <!-- SZYBKIE INFORMACJE -->\n  <section class=\"parafia-quick\" aria-label=\"Szybkie informacje\">\n    <div class=\"parafia-quick__item\">\n      <h2>Msze \u015bwi\u0119te<\/h2>\n      <p><strong>Niedziele i&nbsp;\u015bwi\u0119ta:<\/strong> 9:00, 11:00, 17:00<\/p>\n      <p>\n        <strong>Dni powszednie:<\/strong> 17:00 i&nbsp;18:00<br>\n        <span class=\"parafia-small\">(w&nbsp;okresie zimowym: 16:00 i&nbsp;17:00)<\/span>\n      <\/p>\n      <p>\n        <a class=\"link-more\" href=\"\/index.php\/harmonogram\/\">\n          Pe\u0142ny harmonogram mszy i&nbsp;nabo\u017ce\u0144stw\n        <\/a>\n      <\/p>\n    <\/div>\n\n    <div class=\"parafia-quick__item\">\n      <h2>Kancelaria parafialna<\/h2>\n      <p><strong>\u015aroda:<\/strong> 8:00\u20139:00<\/p>\n      <p>\n        <strong>Popo\u0142udniu:<\/strong> po Mszy wieczornej w&nbsp;dni powszednie<br>\n        <span class=\"parafia-small\">(z&nbsp;wyj\u0105tkiem niedziel i&nbsp;\u015bwi\u0105t; godziny wg okresu roku)<\/span>\n      <\/p>\n      <p>\n        <a class=\"link-more kontakt-open\" href=\"#kontakt-kancelaria\">\n          Szczeg\u00f3\u0142y i&nbsp;kontakt\n        <\/a>\n      <\/p>\n    <\/div>\n\n    <div class=\"parafia-quick__item\">\n      <h2>Standardy ochrony ma\u0142oletnich<\/h2>\n      <p>\n        Zasady bezpiecze\u0144stwa dzieci i&nbsp;m\u0142odzie\u017cy w&nbsp;naszej parafii,\n        wprowadzone zgodnie z&nbsp;obowi\u0105zuj\u0105cymi przepisami prawa.\n      <\/p>\n      <p>\n        <a class=\"link-more\" href=\"\/index.php\/standardy-ochrony-maloletnich\/\">\n          Przeczytaj standardy\n        <\/a>\n      <\/p>\n    <\/div>\n  <\/section>\n\n  <!-- DZIEDZICTWO -->\n  <section class=\"parafia-sacraments parafia-dziedzictwo-teaser\" aria-labelledby=\"dziedzictwo-title\">\n    <h2 id=\"dziedzictwo-title\">Dziedzictwo parafii<\/h2>\n\n    <div class=\"parafia-sacraments__grid parafia-dziedzictwo-teaser__grid\">\n      <article class=\"sacrament-card sacrament-card--organy\">\n        <img\n          class=\"sacrament-card__image\"\n          src=\"http:\/\/www.parafia-nowemiasto.pl\/wp-content\/uploads\/2026\/01\/ORGANY-01-scaled.jpg\"\n          alt=\"Widok na organy w&nbsp;pe\u0142nej okaza\u0142o\u015bci\"\n          loading=\"lazy\"\n          decoding=\"async\">\n        <h3>Organy<\/h3>\n        <p>Historia instrumentu, opis techniczny oraz renowacja zako\u0144czona w&nbsp;2025 roku.<\/p>\n        <p><a class=\"link-more\" href=\"\/index.php\/organy\/\">Poznaj histori\u0119 organ\u00f3w<\/a><\/p>\n      <\/article>\n\n      <article class=\"sacrament-card sacrament-card--historia\">\n        <img\n          class=\"sacrament-card__image\"\n          src=\"http:\/\/www.parafia-nowemiasto.pl\/wp-content\/uploads\/2026\/01\/oldchurch.png\"\n          alt=\"Archiwalne zdj\u0119cie ko\u015bcio\u0142a parafialnego w&nbsp;Nowym Mie\u015bcie\"\n          loading=\"lazy\"\n          decoding=\"async\">\n        <h3>Historia parafii<\/h3>\n        <p>Najwa\u017cniejsze daty, wydarzenia i&nbsp;ludzie, kt\u00f3rzy tworzyli wsp\u00f3lnot\u0119.<\/p>\n        <p><a class=\"link-more\" href=\"\">Zobacz histori\u0119 parafii<\/a><\/p>\n      <\/article>\n    <\/div>\n  <\/section>\n\n  <!-- SAKRAMENTY -->\n  <section class=\"parafia-sacraments\" aria-label=\"Sakramenty w&nbsp;parafii\">\n    <h2>Sakramenty w&nbsp;naszej parafii<\/h2>\n\n    <div class=\"parafia-sacraments__grid\">\n      <article class=\"sacrament-card\">\n        <img class=\"sacrament-card__image\"\n             src=\"https:\/\/www.parafia-nowemiasto.pl\/wp-content\/uploads\/2020\/12\/chrzcielnica-scaled.jpg\"\n             alt=\"Chrzcielnica w&nbsp;ko\u015bciele \u015bw. Anny\"\n             loading=\"lazy\"\n             decoding=\"async\">\n        <h3>Chrzest \u015bwi\u0119ty<\/h3>\n        <p>Przyj\u0119cie do wsp\u00f3lnoty Ko\u015bcio\u0142a. Informacje o&nbsp;terminach i&nbsp;przygotowaniu.<\/p>\n        <p><a class=\"link-more\" href=\"\/index.php\/sakrament-chrztu\/\">Wi\u0119cej o&nbsp;chrzcie<\/a><\/p>\n      <\/article>\n\n      <article class=\"sacrament-card\">\n        <img class=\"sacrament-card__image\"\n             src=\"https:\/\/www.parafia-nowemiasto.pl\/wp-content\/uploads\/2020\/12\/confirmation-scaled.jpg\"\n             alt=\"Bierzmowanie w&nbsp;parafii \u015bw. Anny\"\n             loading=\"lazy\"\n             decoding=\"async\">\n        <h3>Bierzmowanie<\/h3>\n        <p>Sakrament dojrza\u0142o\u015bci chrze\u015bcija\u0144skiej i&nbsp;umocnienie dar\u00f3w Ducha \u015awi\u0119tego.<\/p>\n        <p><a class=\"link-more\" href=\"\/index.php\/sakrament-bierzmowania\/\">Wi\u0119cej o&nbsp;bierzmowaniu<\/a><\/p>\n      <\/article>\n\n      <article class=\"sacrament-card\">\n        <img class=\"sacrament-card__image\"\n             src=\"https:\/\/www.parafia-nowemiasto.pl\/wp-content\/uploads\/2020\/12\/pokuta-1-scaled.jpg\"\n             alt=\"Konfesjona\u0142 \u2013 sakrament pokuty i&nbsp;pojednania\"\n             loading=\"lazy\"\n             decoding=\"async\">\n        <h3>Spowied\u017a i&nbsp;pokuta<\/h3>\n        <p>Sta\u0142e dy\u017cury w&nbsp;konfesjonale oraz spowied\u017a przed \u015bwi\u0119tami.<\/p>\n        <p><a class=\"link-more\" href=\"\/index.php\/sakrament-pokuty\/\">Wi\u0119cej o&nbsp;spowiedzi<\/a><\/p>\n      <\/article>\n\n      <article class=\"sacrament-card\">\n        <img class=\"sacrament-card__image\"\n             src=\"https:\/\/www.parafia-nowemiasto.pl\/wp-content\/uploads\/2020\/12\/love-scaled.jpg\"\n             alt=\"Obr\u0105czki \u015blubne \u2013 sakrament ma\u0142\u017ce\u0144stwa\"\n             loading=\"lazy\"\n             decoding=\"async\">\n        <h3>Sakrament ma\u0142\u017ce\u0144stwa<\/h3>\n        <p>Przygotowanie, formalno\u015bci i&nbsp;informacje praktyczne dla narzeczonych.<\/p>\n        <p><a class=\"link-more\" href=\"\/index.php\/sakrament-malzenstwa\/\">Wi\u0119cej o&nbsp;ma\u0142\u017ce\u0144stwie<\/a><\/p>\n      <\/article>\n\n      <article class=\"sacrament-card\">\n        <img class=\"sacrament-card__image\"\n             src=\"https:\/\/www.parafia-nowemiasto.pl\/wp-content\/uploads\/2020\/12\/namaszczenie-scaled.jpg\"\n             alt=\"Namaszczenie chorych w&nbsp;parafii \u015bw. Anny\"\n             loading=\"lazy\"\n             decoding=\"async\">\n        <h3>Namaszczenie chorych<\/h3>\n        <p>Sakrament umocnienia dla chorych i&nbsp;starszych, tak\u017ce w&nbsp;domach.<\/p>\n        <p><a class=\"link-more\" href=\"\/index.php\/namaszczenie-chorych\/\">Wi\u0119cej<\/a><\/p>\n      <\/article>\n    <\/div>\n  <\/section>\n\n  <!-- GALERIA -->\n  <section class=\"parafia-gallery\" aria-label=\"Galeria zdj\u0119\u0107\">\n    <div class=\"parafia-gallery__content\">\n      <h2>Galeria zdj\u0119\u0107<\/h2>\n      <p>\n        Zobacz wi\u0119cej zdj\u0119\u0107 ko\u015bcio\u0142a, wn\u0119trza \u015bwi\u0105tyni oraz \u017cycia parafii:<br>\n        uroczysto\u015bci, nabo\u017ce\u0144stwa i&nbsp;wydarzenia parafialne.\n      <\/p>\n      <p>\n        <a class=\"btn btn-secondary\" href=\"\/index.php\/galeria\/\">\n          Przejd\u017a do galerii zdj\u0119\u0107\n        <\/a>\n      <\/p>\n    <\/div>\n\n    <figure class=\"parafia-gallery__preview\">\n      <img\n        src=\"https:\/\/www.parafia-nowemiasto.pl\/wp-content\/uploads\/2020\/11\/oltarz-scaled.jpg\"\n        alt=\"O\u0142tarz w&nbsp;ko\u015bciele \u015bw. Anny\"\n        loading=\"lazy\"\n        decoding=\"async\">\n    <\/figure>\n  <\/section>\n\n  <!-- Modal: Kontakt i&nbsp;kancelaria parafialna -->\n  <div class=\"kontakt-modal-overlay\" id=\"kontakt-kancelaria\" aria-hidden=\"true\">\n    <div class=\"kontakt-modal\" role=\"dialog\" aria-modal=\"true\" aria-labelledby=\"kontakt-modal-title\">\n      <button class=\"kontakt-modal__close\" type=\"button\" aria-label=\"Zamknij okno\">\u00d7<\/button>\n\n      <h2 id=\"kontakt-modal-title\">Kontakt i&nbsp;kancelaria parafialna<\/h2>\n\n      <div class=\"kontakt-modal__body\">\n        <p><strong>Parafia Rzymskokatolicka \u015bw. Anny w&nbsp;Nowym Mie\u015bcie<\/strong><\/p>\n        <p>\n          tel.: <a href=\"tel:236614016\">23&nbsp;661&nbsp;40&nbsp;16<\/a><br>\n          e-mail: <a href=\"mailto:nowemiasto@diecezjaplocka.pl\">nowemiasto@diecezjaplocka.pl<\/a><br>\n          ul. Ko\u015bcielna 18A, 09-120 Nowe Miasto\n        <\/p>\n\n        <h3>Godziny pracy kancelarii<\/h3>\n        <ul class=\"kontakt-hours\">\n          <li><strong>\u015aroda:<\/strong> 8:00\u20139:00<\/li>\n          <li>\n            <strong>Okres zimowy<\/strong>\n            (od 1 pa\u017adziernika do wtorku przed \u015arod\u0105 Popielcow\u0105 w\u0142\u0105cznie):<br>\n            po Mszy \u015bw. wieczornej (ok. 17:30) w&nbsp;dni powszednie\n          <\/li>\n          <li>\n            <strong>Okres letni<\/strong>\n            (od \u015arody Popielcowej do 30 wrze\u015bnia):<br>\n            po Mszy \u015bw. wieczornej (ok. 18:30) w&nbsp;dni powszednie\n          <\/li>\n          <li><strong>Niedziele i&nbsp;\u015bwi\u0119ta:<\/strong> kancelaria nieczynna<\/li>\n        <\/ul>\n\n        <p class=\"kontakt-note\">\n          Metryki sakrament\u00f3w wydaje Pan organista.\n        <\/p>\n      <\/div>\n\n      <div class=\"kontakt-modal__footer\">\n        <button type=\"button\" class=\"btn btn-secondary kontakt-modal__footer-close\">\n          Zamknij\n        <\/button>\n      <\/div>\n    <\/div>\n  <\/div>\n\n<\/div>\n","protected":false},"excerpt":{"rendered":"<p>Parafia Rzymskokatolicka \u015aw. Anny w&nbsp;Nowym Mie\u015bcie Oficjalna strona parafii \u2013 aktualne og\u0142oszenia, intencje mszalne, informacje o&nbsp;sakramentach i&nbsp;\u017cyciu wsp\u00f3lnoty. Intencje mszalne Og\u0142oszenia parafialne Msze \u015bwi\u0119te Niedziele i&nbsp;\u015bwi\u0119ta: 9:00, 11:00, 17:00 Dni powszednie: 17:00 i&nbsp;18:00 (w&nbsp;okresie zimowym: 16:00 i&nbsp;17:00) Pe\u0142ny harmonogram mszy i&nbsp;nabo\u017ce\u0144stw Kancelaria parafialna \u015aroda: 8:00\u20139:00 Popo\u0142udniu: po Mszy wieczornej w&nbsp;dni powszednie (z&nbsp;wyj\u0105tkiem niedziel i&nbsp;\u015bwi\u0105t; godziny [&hellip;]<\/p>\n","protected":false},"author":1,"featured_media":0,"parent":0,"menu_order":0,"comment_status":"closed","ping_status":"closed","template":"","meta":{"footnotes":""},"class_list":["post-7065","page","type-page","status-publish","hentry"],"_links":{"self":[{"href":"https:\/\/www.parafia-nowemiasto.pl\/index.php\/wp-json\/wp\/v2\/pages\/7065","targetHints":{"allow":["GET"]}}],"collection":[{"href":"https:\/\/www.parafia-nowemiasto.pl\/index.php\/wp-json\/wp\/v2\/pages"}],"about":[{"href":"https:\/\/www.parafia-nowemiasto.pl\/index.php\/wp-json\/wp\/v2\/types\/page"}],"author":[{"embeddable":true,"href":"https:\/\/www.parafia-nowemiasto.pl\/index.php\/wp-json\/wp\/v2\/users\/1"}],"replies":[{"embeddable":true,"href":"https:\/\/www.parafia-nowemiasto.pl\/index.php\/wp-json\/wp\/v2\/comments?post=7065"}],"version-history":[{"count":35,"href":"https:\/\/www.parafia-nowemiasto.pl\/index.php\/wp-json\/wp\/v2\/pages\/7065\/revisions"}],"predecessor-version":[{"id":7423,"href":"https:\/\/www.parafia-nowemiasto.pl\/index.php\/wp-json\/wp\/v2\/pages\/7065\/revisions\/7423"}],"wp:attachment":[{"href":"https:\/\/www.parafia-nowemiasto.pl\/index.php\/wp-json\/wp\/v2\/media?parent=7065"}],"curies":[{"name":"wp","href":"https:\/\/api.w.org\/{rel}","templated":true}]}}

Strona główna

<div class="parafia-home">

  <!-- HERO -->
  <section class="parafia-hero" aria-label="Strona główna parafii">
    <div class="parafia-hero__text">
      <p class="parafia-hero__subtitle">Parafia Rzymskokatolicka</p>
      <h1>Św. Anny w&nbsp;Nowym Mieście</h1>
    </div>

    <figure class="parafia-hero__photo">
      <img
        src="https://www.parafia-nowemiasto.pl/wp-content/uploads/2020/11/church2-scaled.jpg"
        alt="Kościół parafialny św. Anny w&nbsp;Nowym Mieście"
        loading="eager"
        decoding="async">
    </figure>

    <p class="parafia-hero__lead">
      Oficjalna strona parafii – aktualne ogłoszenia, intencje mszalne,
      informacje o&nbsp;sakramentach i&nbsp;życiu wspólnoty.
    </p>

    <div class="parafia-hero__cta">
      <a class="btn btn-primary" href="/index.php/intencje-mszalne/">Intencje mszalne</a>
      <a class="btn btn-secondary" href="/index.php/ogloszenia/">Ogłoszenia parafialne</a>
    </div>
  </section>

  <!-- SZYBKIE INFORMACJE -->
  <section class="parafia-quick" aria-label="Szybkie informacje">
    <div class="parafia-quick__item">
      <h2>Msze święte</h2>
      <p><strong>Niedziele i&nbsp;święta:</strong> 9:00, 11:00, 17:00</p>
      <p>
        <strong>Dni powszednie:</strong> 17:00 i&nbsp;18:00<br>
        <span class="parafia-small">(w&nbsp;okresie zimowym: 16:00 i&nbsp;17:00)</span>
      </p>
      <p>
        <a class="link-more" href="/index.php/harmonogram/">
          Pełny harmonogram mszy i&nbsp;nabożeństw
        </a>
      </p>
    </div>

    <div class="parafia-quick__item">
      <h2>Kancelaria parafialna</h2>
      <p><strong>Środa:</strong> 8:00–9:00</p>
      <p>
        <strong>Popołudniu:</strong> po Mszy wieczornej w&nbsp;dni powszednie<br>
        <span class="parafia-small">(z&nbsp;wyjątkiem niedziel i&nbsp;świąt; godziny wg okresu roku)</span>
      </p>
      <p>
        <a class="link-more kontakt-open" href="#kontakt-kancelaria">
          Szczegóły i&nbsp;kontakt
        </a>
      </p>
    </div>

    <div class="parafia-quick__item">
      <h2>Standardy ochrony małoletnich</h2>
      <p>
        Zasady bezpieczeństwa dzieci i&nbsp;młodzieży w&nbsp;naszej parafii,
        wprowadzone zgodnie z&nbsp;obowiązującymi przepisami prawa.
      </p>
      <p>
        <a class="link-more" href="/index.php/standardy-ochrony-maloletnich/">
          Przeczytaj standardy
        </a>
      </p>
    </div>
  </section>

  <!-- DZIEDZICTWO -->
  <section class="parafia-sacraments parafia-dziedzictwo-teaser" aria-labelledby="dziedzictwo-title">
    <h2 id="dziedzictwo-title">Dziedzictwo parafii</h2>

    <div class="parafia-sacraments__grid parafia-dziedzictwo-teaser__grid">
      <article class="sacrament-card sacrament-card--organy">
        <img
          class="sacrament-card__image"
          src="http://www.parafia-nowemiasto.pl/wp-content/uploads/2026/01/ORGANY-01-scaled.jpg"
          alt="Widok na organy w&nbsp;pełnej okazałości"
          loading="lazy"
          decoding="async">
        <h3>Organy</h3>
        <p>Historia instrumentu, opis techniczny oraz renowacja zakończona w&nbsp;2025 roku.</p>
        <p><a class="link-more" href="/index.php/organy/">Poznaj historię organów</a></p>
      </article>

      <article class="sacrament-card sacrament-card--historia">
        <img
          class="sacrament-card__image"
          src="http://www.parafia-nowemiasto.pl/wp-content/uploads/2026/01/oldchurch.png"
          alt="Archiwalne zdjęcie kościoła parafialnego w&nbsp;Nowym Mieście"
          loading="lazy"
          decoding="async">
        <h3>Historia parafii</h3>
        <p>Najważniejsze daty, wydarzenia i&nbsp;ludzie, którzy tworzyli wspólnotę.</p>
        <p><a class="link-more" href="">Zobacz historię parafii</a></p>
      </article>
    </div>
  </section>

  <!-- SAKRAMENTY -->
  <section class="parafia-sacraments" aria-label="Sakramenty w&nbsp;parafii">
    <h2>Sakramenty w&nbsp;naszej parafii</h2>

    <div class="parafia-sacraments__grid">
      <article class="sacrament-card">
        <img class="sacrament-card__image"
             src="https://www.parafia-nowemiasto.pl/wp-content/uploads/2020/12/chrzcielnica-scaled.jpg"
             alt="Chrzcielnica w&nbsp;kościele św. Anny"
             loading="lazy"
             decoding="async">
        <h3>Chrzest święty</h3>
        <p>Przyjęcie do wspólnoty Kościoła. Informacje o&nbsp;terminach i&nbsp;przygotowaniu.</p>
        <p><a class="link-more" href="/index.php/sakrament-chrztu/">Więcej o&nbsp;chrzcie</a></p>
      </article>

      <article class="sacrament-card">
        <img class="sacrament-card__image"
             src="https://www.parafia-nowemiasto.pl/wp-content/uploads/2020/12/confirmation-scaled.jpg"
             alt="Bierzmowanie w&nbsp;parafii św. Anny"
             loading="lazy"
             decoding="async">
        <h3>Bierzmowanie</h3>
        <p>Sakrament dojrzałości chrześcijańskiej i&nbsp;umocnienie darów Ducha Świętego.</p>
        <p><a class="link-more" href="/index.php/sakrament-bierzmowania/">Więcej o&nbsp;bierzmowaniu</a></p>
      </article>

      <article class="sacrament-card">
        <img class="sacrament-card__image"
             src="https://www.parafia-nowemiasto.pl/wp-content/uploads/2020/12/pokuta-1-scaled.jpg"
             alt="Konfesjonał – sakrament pokuty i&nbsp;pojednania"
             loading="lazy"
             decoding="async">
        <h3>Spowiedź i&nbsp;pokuta</h3>
        <p>Stałe dyżury w&nbsp;konfesjonale oraz spowiedź przed świętami.</p>
        <p><a class="link-more" href="/index.php/sakrament-pokuty/">Więcej o&nbsp;spowiedzi</a></p>
      </article>

      <article class="sacrament-card">
        <img class="sacrament-card__image"
             src="https://www.parafia-nowemiasto.pl/wp-content/uploads/2020/12/love-scaled.jpg"
             alt="Obrączki ślubne – sakrament małżeństwa"
             loading="lazy"
             decoding="async">
        <h3>Sakrament małżeństwa</h3>
        <p>Przygotowanie, formalności i&nbsp;informacje praktyczne dla narzeczonych.</p>
        <p><a class="link-more" href="/index.php/sakrament-malzenstwa/">Więcej o&nbsp;małżeństwie</a></p>
      </article>

      <article class="sacrament-card">
        <img class="sacrament-card__image"
             src="https://www.parafia-nowemiasto.pl/wp-content/uploads/2020/12/namaszczenie-scaled.jpg"
             alt="Namaszczenie chorych w&nbsp;parafii św. Anny"
             loading="lazy"
             decoding="async">
        <h3>Namaszczenie chorych</h3>
        <p>Sakrament umocnienia dla chorych i&nbsp;starszych, także w&nbsp;domach.</p>
        <p><a class="link-more" href="/index.php/namaszczenie-chorych/">Więcej</a></p>
      </article>
    </div>
  </section>

  <!-- GALERIA -->
  <section class="parafia-gallery" aria-label="Galeria zdjęć">
    <div class="parafia-gallery__content">
      <h2>Galeria zdjęć</h2>
      <p>
        Zobacz więcej zdjęć kościoła, wnętrza świątyni oraz życia parafii:<br>
        uroczystości, nabożeństwa i&nbsp;wydarzenia parafialne.
      </p>
      <p>
        <a class="btn btn-secondary" href="/index.php/galeria/">
          Przejdź do galerii zdjęć
        </a>
      </p>
    </div>

    <figure class="parafia-gallery__preview">
      <img
        src="https://www.parafia-nowemiasto.pl/wp-content/uploads/2020/11/oltarz-scaled.jpg"
        alt="Ołtarz w&nbsp;kościele św. Anny"
        loading="lazy"
        decoding="async">
    </figure>
  </section>

  <!-- Modal: Kontakt i&nbsp;kancelaria parafialna -->
  <div class="kontakt-modal-overlay" id="kontakt-kancelaria" aria-hidden="true">
    <div class="kontakt-modal" role="dialog" aria-modal="true" aria-labelledby="kontakt-modal-title">
      <button class="kontakt-modal__close" type="button" aria-label="Zamknij okno">×</button>

      <h2 id="kontakt-modal-title">Kontakt i&nbsp;kancelaria parafialna</h2>

      <div class="kontakt-modal__body">
        <p><strong>Parafia Rzymskokatolicka św. Anny w&nbsp;Nowym Mieście</strong></p>
        <p>
          tel.: <a href="tel:236614016">23&nbsp;661&nbsp;40&nbsp;16</a><br>
          e-mail: <a href="mailto:nowemiasto@diecezjaplocka.pl">nowemiasto@diecezjaplocka.pl</a><br>
          ul. Kościelna 18A, 09-120 Nowe Miasto
        </p>

        <h3>Godziny pracy kancelarii</h3>
        <ul class="kontakt-hours">
          <li><strong>Środa:</strong> 8:00–9:00</li>
          <li>
            <strong>Okres zimowy</strong>
            (od 1 października do wtorku przed Środą Popielcową włącznie):<br>
            po Mszy św. wieczornej (ok. 17:30) w&nbsp;dni powszednie
          </li>
          <li>
            <strong>Okres letni</strong>
            (od Środy Popielcowej do 30 września):<br>
            po Mszy św. wieczornej (ok. 18:30) w&nbsp;dni powszednie
          </li>
          <li><strong>Niedziele i&nbsp;święta:</strong> kancelaria nieczynna</li>
        </ul>

        <p class="kontakt-note">
          Metryki sakramentów wydaje Pan organista.
        </p>
      </div>

      <div class="kontakt-modal__footer">
        <button type="button" class="btn btn-secondary kontakt-modal__footer-close">
          Zamknij
        </button>
      </div>
    </div>
  </div>

</div>

<p>Parafia Rzymskokatolicka Św. Anny w&nbsp;Nowym Mieście Oficjalna strona parafii – aktualne ogłoszenia, intencje mszalne, informacje o&nbsp;sakramentach i&nbsp;życiu wspólnoty. Intencje mszalne Ogłoszenia parafialne Msze święte Niedziele i&nbsp;święta: 9:00, 11:00, 17:00 Dni powszednie: 17:00 i&nbsp;18:00 (w&nbsp;okresie zimowym: 16:00 i&nbsp;17:00) Pełny harmonogram mszy i&nbsp;nabożeństw Kancelaria parafialna Środa: 8:00–9:00 Popołudniu: po Mszy wieczornej w&nbsp;dni powszednie (z&nbsp;wyjątkiem niedziel i&nbsp;świąt; godziny [&hellip;]</p>
