{"id":7065,"date":"2025-11-22T17:21:58","date_gmt":"2025-11-22T16:21:58","guid":{"rendered":"https:\/\/www.parafia-nowemiasto.pl\/?page_id=7065"},"modified":"2026-03-31T08:42:58","modified_gmt":"2026-03-31T06:42:58","slug":"nowa-strona-glowna","status":"publish","type":"page","link":"https:\/\/www.parafia-nowemiasto.pl\/","title":{"rendered":"Strona g\u0142\u00f3wna"},"content":{"rendered":"\n<div class=\"parafia-home\">\n\n  <!-- HERO -->\n  <section class=\"parafia-hero\" aria-label=\"Strona g\u0142\u00f3wna parafii\">\n    <div class=\"parafia-hero__text\">\n      <p class=\"parafia-hero__subtitle\">Parafia Rzymskokatolicka<\/p>\n      <h1>\u015aw. Anny w&nbsp;Nowym Mie\u015bcie<\/h1>\n    <\/div>\n\n    <figure class=\"parafia-hero__photo\">\n      <img\n        src=\"https:\/\/www.parafia-nowemiasto.pl\/wp-content\/uploads\/2020\/11\/church2-scaled.jpg\"\n        alt=\"Ko\u015bci\u00f3\u0142 parafialny \u015bw. Anny w&nbsp;Nowym Mie\u015bcie\"\n        loading=\"eager\"\n        decoding=\"async\">\n    <\/figure>\n\n    <p class=\"parafia-hero__lead\">\n      Oficjalna strona parafii \u2013 aktualne og\u0142oszenia, intencje mszalne,\n      informacje o&nbsp;sakramentach i&nbsp;\u017cyciu wsp\u00f3lnoty.\n    <\/p>\n\n    <div class=\"parafia-hero__cta\">\n      <a class=\"btn btn-primary\" href=\"\/index.php\/intencje-mszalne\/\">Intencje mszalne<\/a>\n      <a class=\"btn btn-secondary\" href=\"\/index.php\/ogloszenia\/\">Og\u0142oszenia parafialne<\/a>\n    <\/div>\n  <\/section>\n\n  <!-- SZYBKIE INFORMACJE -->\n  <section class=\"parafia-quick\" aria-label=\"Szybkie informacje\">\n    <div class=\"parafia-quick__item\">\n      <h2>Msze \u015bwi\u0119te<\/h2>\n      <p><strong>Niedziele i&nbsp;\u015bwi\u0119ta:<\/strong> 9:00, 11:00, 17:00<\/p>\n      <p>\n        <strong>Dni powszednie:<\/strong> 17:00 i&nbsp;18:00<br>\n        <span class=\"parafia-small\">(w&nbsp;okresie zimowym: 16:00 i&nbsp;17:00)<\/span>\n      <\/p>\n      <p>\n        <a class=\"link-more\" href=\"\/index.php\/harmonogram\/\">\n          Pe\u0142ny harmonogram mszy i&nbsp;nabo\u017ce\u0144stw\n        <\/a>\n      <\/p>\n    <\/div>\n\n    <div class=\"parafia-quick__item\">\n      <h2>Kancelaria parafialna<\/h2>\n      <p><strong>\u015aroda:<\/strong> 8:00\u20139:00<\/p>\n      <p>\n        <strong>Popo\u0142udniu:<\/strong> po Mszy wieczornej w&nbsp;dni powszednie<br>\n        <span class=\"parafia-small\">(z&nbsp;wyj\u0105tkiem niedziel i&nbsp;\u015bwi\u0105t; godziny wg okresu roku)<\/span>\n      <\/p>\n      <p>\n        <a class=\"link-more kontakt-open\" href=\"#kontakt-kancelaria\">\n          Szczeg\u00f3\u0142y i&nbsp;kontakt\n        <\/a>\n      <\/p>\n    <\/div>\n\n    <div class=\"parafia-quick__item\">\n      <h2>Standardy ochrony ma\u0142oletnich<\/h2>\n      <p>\n        Zasady bezpiecze\u0144stwa dzieci i&nbsp;m\u0142odzie\u017cy w&nbsp;naszej parafii,\n        wprowadzone zgodnie z&nbsp;obowi\u0105zuj\u0105cymi przepisami prawa.\n      <\/p>\n      <p>\n        <a class=\"link-more\" href=\"\/index.php\/standardy-ochrony-maloletnich\/\">\n          Przeczytaj standardy\n        <\/a>\n      <\/p>\n    <\/div>\n  <\/section>\n\n  <!-- DZIEDZICTWO -->\n  <section class=\"parafia-sacraments parafia-dziedzictwo-teaser\" aria-labelledby=\"dziedzictwo-title\">\n    <h2 id=\"dziedzictwo-title\">Dziedzictwo parafii<\/h2>\n\n    <div class=\"parafia-sacraments__grid parafia-dziedzictwo-teaser__grid\">\n      <article class=\"sacrament-card sacrament-card--organy\">\n        <img\n          class=\"sacrament-card__image\"\n          src=\"http:\/\/www.parafia-nowemiasto.pl\/wp-content\/uploads\/2026\/01\/ORGANY-01-scaled.jpg\"\n          alt=\"Widok na organy w&nbsp;pe\u0142nej okaza\u0142o\u015bci\"\n          loading=\"lazy\"\n          decoding=\"async\">\n        <h3>Organy<\/h3>\n        <p>Historia instrumentu, opis techniczny oraz renowacja zako\u0144czona w&nbsp;2025 roku.<\/p>\n        <p><a class=\"link-more\" href=\"\/index.php\/organy\/\">Poznaj histori\u0119 organ\u00f3w<\/a><\/p>\n      <\/article>\n\n      <article class=\"sacrament-card sacrament-card--historia\">\n        <img\n          class=\"sacrament-card__image\"\n          src=\"http:\/\/www.parafia-nowemiasto.pl\/wp-content\/uploads\/2026\/01\/oldchurch.png\"\n          alt=\"Archiwalne zdj\u0119cie ko\u015bcio\u0142a parafialnego w&nbsp;Nowym Mie\u015bcie\"\n          loading=\"lazy\"\n          decoding=\"async\">\n        <h3>Historia parafii<\/h3>\n        <p>Najwa\u017cniejsze daty, wydarzenia i&nbsp;ludzie, kt\u00f3rzy tworzyli wsp\u00f3lnot\u0119.<\/p>\n        <p><a class=\"link-more\" href=\"\">Zobacz histori\u0119 parafii<\/a><\/p>\n      <\/article>\n    <\/div>\n  <\/section>\n\n  <!-- SAKRAMENTY -->\n  <section class=\"parafia-sacraments\" aria-label=\"Sakramenty w&nbsp;parafii\">\n    <h2>Sakramenty w&nbsp;naszej parafii<\/h2>\n\n    <div class=\"parafia-sacraments__grid\">\n      <article class=\"sacrament-card\">\n        <img class=\"sacrament-card__image\"\n             src=\"https:\/\/www.parafia-nowemiasto.pl\/wp-content\/uploads\/2020\/12\/chrzcielnica-scaled.jpg\"\n             alt=\"Chrzcielnica w&nbsp;ko\u015bciele \u015bw. Anny\"\n             loading=\"lazy\"\n             decoding=\"async\">\n        <h3>Chrzest \u015bwi\u0119ty<\/h3>\n        <p>Przyj\u0119cie do wsp\u00f3lnoty Ko\u015bcio\u0142a. Informacje o&nbsp;terminach i&nbsp;przygotowaniu.<\/p>\n        <p><a class=\"link-more\" href=\"\/index.php\/sakrament-chrztu\/\">Wi\u0119cej o&nbsp;chrzcie<\/a><\/p>\n      <\/article>\n\n      <article class=\"sacrament-card\">\n        <img class=\"sacrament-card__image\"\n             src=\"https:\/\/www.parafia-nowemiasto.pl\/wp-content\/uploads\/2020\/12\/confirmation-scaled.jpg\"\n             alt=\"Bierzmowanie w&nbsp;parafii \u015bw. Anny\"\n             loading=\"lazy\"\n             decoding=\"async\">\n        <h3>Bierzmowanie<\/h3>\n        <p>Sakrament dojrza\u0142o\u015bci chrze\u015bcija\u0144skiej i&nbsp;umocnienie dar\u00f3w Ducha \u015awi\u0119tego.<\/p>\n        <p><a class=\"link-more\" href=\"\/index.php\/sakrament-bierzmowania\/\">Wi\u0119cej o&nbsp;bierzmowaniu<\/a><\/p>\n      <\/article>\n\n      <article class=\"sacrament-card\">\n        <img class=\"sacrament-card__image\"\n             src=\"https:\/\/www.parafia-nowemiasto.pl\/wp-content\/uploads\/2020\/12\/pokuta-1-scaled.jpg\"\n             alt=\"Konfesjona\u0142 \u2013 sakrament pokuty i&nbsp;pojednania\"\n             loading=\"lazy\"\n             decoding=\"async\">\n        <h3>Spowied\u017a i&nbsp;pokuta<\/h3>\n        <p>Sta\u0142e dy\u017cury w&nbsp;konfesjonale oraz spowied\u017a przed \u015bwi\u0119tami.<\/p>\n        <p><a class=\"link-more\" href=\"\/index.php\/sakrament-pokuty\/\">Wi\u0119cej o&nbsp;spowiedzi<\/a><\/p>\n      <\/article>\n\n      <article class=\"sacrament-card\">\n        <img class=\"sacrament-card__image\"\n             src=\"https:\/\/www.parafia-nowemiasto.pl\/wp-content\/uploads\/2020\/12\/love-scaled.jpg\"\n             alt=\"Obr\u0105czki \u015blubne \u2013 sakrament ma\u0142\u017ce\u0144stwa\"\n             loading=\"lazy\"\n             decoding=\"async\">\n        <h3>Sakrament ma\u0142\u017ce\u0144stwa<\/h3>\n        <p>Przygotowanie, formalno\u015bci i&nbsp;informacje praktyczne dla narzeczonych.<\/p>\n        <p><a class=\"link-more\" href=\"\/index.php\/sakrament-malzenstwa\/\">Wi\u0119cej o&nbsp;ma\u0142\u017ce\u0144stwie<\/a><\/p>\n      <\/article>\n\n      <article class=\"sacrament-card\">\n        <img class=\"sacrament-card__image\"\n             src=\"https:\/\/www.parafia-nowemiasto.pl\/wp-content\/uploads\/2020\/12\/namaszczenie-scaled.jpg\"\n             alt=\"Namaszczenie chorych w&nbsp;parafii \u015bw. Anny\"\n             loading=\"lazy\"\n             decoding=\"async\">\n        <h3>Namaszczenie chorych<\/h3>\n        <p>Sakrament umocnienia dla chorych i&nbsp;starszych, tak\u017ce w&nbsp;domach.<\/p>\n        <p><a class=\"link-more\" href=\"\/index.php\/namaszczenie-chorych\/\">Wi\u0119cej<\/a><\/p>\n      <\/article>\n    <\/div>\n  <\/section>\n\n  <!-- GALERIA -->\n  <section class=\"parafia-gallery\" aria-label=\"Galeria zdj\u0119\u0107\">\n    <div class=\"parafia-gallery__content\">\n      <h2>Galeria zdj\u0119\u0107<\/h2>\n      <p>\n        Zobacz wi\u0119cej zdj\u0119\u0107 ko\u015bcio\u0142a, wn\u0119trza \u015bwi\u0105tyni oraz \u017cycia parafii:<br>\n        uroczysto\u015bci, nabo\u017ce\u0144stwa i&nbsp;wydarzenia parafialne.\n      <\/p>\n      <p>\n        <a class=\"btn btn-secondary\" href=\"\/index.php\/galeria\/\">\n          Przejd\u017a do galerii zdj\u0119\u0107\n        <\/a>\n      <\/p>\n    <\/div>\n\n    <figure class=\"parafia-gallery__preview\">\n      <img\n        src=\"https:\/\/www.parafia-nowemiasto.pl\/wp-content\/uploads\/2020\/11\/oltarz-scaled.jpg\"\n        alt=\"O\u0142tarz w&nbsp;ko\u015bciele \u015bw. Anny\"\n        loading=\"lazy\"\n        decoding=\"async\">\n    <\/figure>\n  <\/section>\n\n  <!-- Modal: Kontakt i&nbsp;kancelaria parafialna -->\n  <div class=\"kontakt-modal-overlay\" id=\"kontakt-kancelaria\" aria-hidden=\"true\">\n    <div class=\"kontakt-modal\" role=\"dialog\" aria-modal=\"true\" aria-labelledby=\"kontakt-modal-title\">\n      <button class=\"kontakt-modal__close\" type=\"button\" aria-label=\"Zamknij okno\">\u00d7<\/button>\n\n      <h2 id=\"kontakt-modal-title\">Kontakt i&nbsp;kancelaria parafialna<\/h2>\n\n      <div class=\"kontakt-modal__body\">\n        <p><strong>Parafia Rzymskokatolicka \u015bw. Anny w&nbsp;Nowym Mie\u015bcie<\/strong><\/p>\n        <p>\n          tel.: <a href=\"tel:236614016\">23&nbsp;661&nbsp;40&nbsp;16<\/a><br>\n          e-mail: <a href=\"mailto:nowemiasto@diecezjaplocka.pl\">nowemiasto@diecezjaplocka.pl<\/a><br>\n          ul. Ko\u015bcielna 18A, 09-120 Nowe Miasto\n        <\/p>\n\n        <h3>Godziny pracy kancelarii<\/h3>\n        <ul class=\"kontakt-hours\">\n          <li><strong>\u015aroda:<\/strong> 8:00\u20139:00<\/li>\n          <li>\n            <strong>Okres zimowy<\/strong>\n            (od 1 pa\u017adziernika do wtorku przed \u015arod\u0105 Popielcow\u0105 w\u0142\u0105cznie):<br>\n            po Mszy \u015bw. wieczornej (ok. 17:30) w&nbsp;dni powszednie\n          <\/li>\n          <li>\n            <strong>Okres letni<\/strong>\n            (od \u015arody Popielcowej do 30 wrze\u015bnia):<br>\n            po Mszy \u015bw. wieczornej (ok. 18:30) w&nbsp;dni powszednie\n          <\/li>\n          <li><strong>Niedziele i&nbsp;\u015bwi\u0119ta:<\/strong> kancelaria nieczynna<\/li>\n        <\/ul>\n\n        <p class=\"kontakt-note\">\n          Metryki sakrament\u00f3w wydaje Pan organista.\n        <\/p>\n      <\/div>\n\n      <div class=\"kontakt-modal__footer\">\n        <button type=\"button\" class=\"btn btn-secondary kontakt-modal__footer-close\">\n          Zamknij\n        <\/button>\n      <\/div>\n    <\/div>\n  <\/div>\n\n<\/div>\n","protected":false},"excerpt":{"rendered":"<p>Parafia Rzymskokatolicka \u015aw. Anny w&nbsp;Nowym Mie\u015bcie Oficjalna strona parafii \u2013 aktualne og\u0142oszenia, intencje mszalne, informacje o&nbsp;sakramentach i&nbsp;\u017cyciu wsp\u00f3lnoty. Intencje mszalne Og\u0142oszenia parafialne Msze \u015bwi\u0119te Niedziele i&nbsp;\u015bwi\u0119ta: 9:00, 11:00, 17:00 Dni powszednie: 17:00 i&nbsp;18:00 (w&nbsp;okresie zimowym: 16:00 i&nbsp;17:00) Pe\u0142ny harmonogram mszy i&nbsp;nabo\u017ce\u0144stw Kancelaria parafialna \u015aroda: 8:00\u20139:00 Popo\u0142udniu: po Mszy wieczornej w&nbsp;dni powszednie (z&nbsp;wyj\u0105tkiem niedziel i&nbsp;\u015bwi\u0105t; godziny [&hellip;]<\/p>\n","protected":false},"author":1,"featured_media":0,"parent":0,"menu_order":0,"comment_status":"closed","ping_status":"closed","template":"","meta":{"footnotes":""},"class_list":["post-7065","page","type-page","status-publish","hentry"],"_links":{"self":[{"href":"https:\/\/www.parafia-nowemiasto.pl\/index.php\/wp-json\/wp\/v2\/pages\/7065","targetHints":{"allow":["GET"]}}],"collection":[{"href":"https:\/\/www.parafia-nowemiasto.pl\/index.php\/wp-json\/wp\/v2\/pages"}],"about":[{"href":"https:\/\/www.parafia-nowemiasto.pl\/index.php\/wp-json\/wp\/v2\/types\/page"}],"author":[{"embeddable":true,"href":"https:\/\/www.parafia-nowemiasto.pl\/index.php\/wp-json\/wp\/v2\/users\/1"}],"replies":[{"embeddable":true,"href":"https:\/\/www.parafia-nowemiasto.pl\/index.php\/wp-json\/wp\/v2\/comments?post=7065"}],"version-history":[{"count":35,"href":"https:\/\/www.parafia-nowemiasto.pl\/index.php\/wp-json\/wp\/v2\/pages\/7065\/revisions"}],"predecessor-version":[{"id":7423,"href":"https:\/\/www.parafia-nowemiasto.pl\/index.php\/wp-json\/wp\/v2\/pages\/7065\/revisions\/7423"}],"wp:attachment":[{"href":"https:\/\/www.parafia-nowemiasto.pl\/index.php\/wp-json\/wp\/v2\/media?parent=7065"}],"curies":[{"name":"wp","href":"https:\/\/api.w.org\/{rel}","templated":true}]}}